e
Is 9 a factor of 1478325?
False
Is 97096 a multiple of 8?
True
Is 289 a factor of 5970819?
False
Is 28 a factor of 249748?
False
Does 782 divide 3383572?
False
Does 65 divide 248625?
True
Is 45 a factor of 143280?
True
Is 315 a factor of 130870?
False
Is 16584 a multiple of 20?
False
Is 69 a factor of 479366?
False
Is 308663 a multiple of 8?
False
Is 192 a factor of 158784?
True
Is 2316624 a multiple of 272?
True
Does 27 divide 223749?
True
Is 41627 a multiple of 3?
False
Is 559205 a multiple of 288?
False
Is 15 a factor of 14215?
False
Is 969 a factor of 2234565?
False
Is 5069250 a multiple of 125?
True
Is 91 a factor of 70707?
True
Is 63 a factor of 1812636?
True
Is 87 a factor of 310590?
True
Does 341 divide 11740289?
True
Does 38 divide 63562?
False
Is 225 a factor of 3077894?
False
Does 157 divide 146167?
True
Is 178287 a multiple of 381?
False
Is 18 a factor of 1015254?
True
Is 162506 a multiple of 4?
False
Does 171 divide 699463?
False
Is 1953010 a multiple of 5?
True
Is 149 a factor of 100128?
True
Does 8 divide 688822?
False
Is 1074296 a multiple of 49?
False
Is 514498 a multiple of 9?
False
Does 9 divide 2349180?
True
Does 144 divide 949536?
True
Is 3 a factor of 25365?
True
Does 14 divide 89726?
True
Does 172 divide 720156?
False
Does 185 divide 2379100?
True
Is 21 a factor of 504193?
False
Is 4 a factor of 49900?
True
Is 43 a factor of 186654?
False
Does 5 divide 1071959?
False
Is 9922631 a multiple of 109?
False
Is 143585 a multiple of 13?
True
Is 371140 a multiple of 11?
True
Is 257191 a multiple of 543?
False
Does 12 divide 348156?
True
Is 442 a factor of 138211?
False
Does 48 divide 50544?
True
Is 140 a factor of 639100?
True
Does 4 divide 511509?
False
Is 24234761 a multiple of 1871?
False
Is 11 a factor of 27049?
True
Is 73577 a multiple of 7?
True
Is 6523170 a multiple of 15?
True
Is 129 a factor of 12642?
True
Is 3087149 a multiple of 229?
True
Is 96072 a multiple of 6?
True
Does 301 divide 2332449?
True
Does 419 divide 1114988?
False
Is 9 a factor of 681886?
False
Is 7876 a multiple of 11?
True
Does 14 divide 5130048?
True
Is 185423 a multiple of 67?
False
Is 11 a factor of 580190?
False
Is 213 a factor of 2089956?
True
Does 43 divide 41151?
True
Does 45 divide 297956?
False
Is 40 a factor of 152960?
True
Is 64 a factor of 1118277?
False
Is 117124 a multiple of 188?
True
Is 2 a factor of 31770?
True
Does 191 divide 810222?
True
Is 14 a factor of 391251?
False
Is 43 a factor of 1432282?
False
Does 17 divide 38625?
False
Is 20276 a multiple of 4?
True
Does 7 divide 1430009?
True
Is 774016 a multiple of 164?
False
Does 12 divide 3863794?
False
Is 784188 a multiple of 18?
True
Is 48 a factor of 12000?
True
Is 287 a factor of 274085?
True
Is 3 a factor of 123412?
False
Is 17 a factor of 428184?
False
Is 536 a factor of 2868787?
False
Is 149920 a multiple of 8?
True
Is 200 a factor of 2168000?
True
Does 56 divide 90384?
True
Is 180334 a multiple of 593?
False
Is 25962 a multiple of 38?
False
Is 2701 a multiple of 3?
False
Does 1314 divide 4858963?
False
Is 2211744 a multiple of 48?
True
Is 16 a factor of 30368?
True
Does 1122 divide 2710752?
True
Is 10 a factor of 4008465?
False
Is 228 a factor of 137484?
True
Is 164 a factor of 13400932?
True
Is 744174 a multiple of 18?
True
Does 2 divide 26774?
True
Is 14 a factor of 318509?
False
Is 762853 a multiple of 13?
True
Is 11891 a multiple of 47?
True
Does 800 divide 503200?
True
Is 12 a factor of 951310?
False
Is 73100 a multiple of 425?
True
Does 171 divide 278217?
True
Is 1152870 a multiple of 166?
True
Is 2376360 a multiple of 690?
True
Is 363230 a multiple of 57?
False
Is 908 a factor of 1449168?
True
Is 904571 a multiple of 21?
False
Is 7 a factor of 333941?
False
Does 20 divide 62580?
True
Does 120 divide 257280?
True
Does 100 divide 906832?
False
Does 20 divide 129329?
False
Is 302 a factor of 668930?
True
Is 119 a factor of 241094?
True
Does 308 divide 278124?
True
Does 275 divide 3204575?
True
Is 120 a factor of 97490?
False
Is 7364999 a multiple of 747?
False
Is 20220462 a multiple of 75?
False
Is 2284917 a multiple of 31?
True
Does 49 divide 943279?
False
Is 120461 a multiple of 57?
False
Is 227 a factor of 200195?
False
Does 5 divide 284082?
False
Does 20 divide 6355791?
False
Is 75 a factor of 1075950?
True
Is 28 a factor of 4620?
True
Does 131 divide 3136464?
False
Does 282 divide 1791878?
False
Is 1182180 a multiple of 122?
True
Does 229 divide 107630?
True
Does 39 divide 68589?
False
Is 231160 a multiple of 5?
True
Is 4748814 a multiple of 42?
True
Does 196 divide 904368?
False
Does 18 divide 906971?
False
Is 267696 a multiple of 104?
True
Does 4 divide 391188?
True
Is 48 a factor of 133856?
False
Is 9 a factor of 4973643?
True
Is 2790480 a multiple of 28?
True
Is 3992023 a multiple of 138?
False
Does 19 divide 222547?
True
Is 56280 a multiple of 19?
False
Is 40 a factor of 196021?
False
Is 2 a factor of 26187?
False
Is 1385098 a multiple of 286?
True
Is 17 a factor of 93702?
False
Is 39287 a multiple of 10?
False
Is 40 a factor of 330080?
True
Is 127866 a multiple of 101?
True
Does 4 divide 2428356?
True
Does 326 divide 18508729?
False
Is 5325203 a multiple of 13?
True
Is 218 a factor of 1595760?
True
Is 97503 a multiple of 7?
True
Does 257 divide 26728?
True
Does 282 divide 333211?
False
Does 54 divide 519947?
False
Is 20 a factor of 61760?
True
Is 188357 a multiple of 13?
True
Is 6950 a multiple of 7?
False
Is 58 a factor of 6890632?
True
Is 332734 a multiple of 73?
True
Does 382 divide 4615697?
False
Is 101110 a multiple of 71?
False
Is 17 a factor of 8701281?
False
Is 11154 a multiple of 6?
True
Does 15 divide 402982?
False
Is 949 a factor of 1743859?
False
Is 15 a factor of 1125?
True
Does 19 divide 361950?
True
Is 8 a factor of 207624?
True
Does 3 divide 3807?
True
Is 69197 a multiple of 71?
False
Is 4732229 a multiple of 55?
False
Does 18 divide 98181?
False
Is 11786500 a multiple of 10?
True
Is 181068 a multiple of 191?
True
Does 49 divide 2642156?
False
Is 4 a factor of 16995?
False
Is 8392020 a multiple of 546?
True
Is 550 a factor of 473000?
True
Does 8 divide 129944?
True
Is 876540 a multiple of 20?
True
Is 210 a factor of 1169620?
False
Is 19 a factor of 1463456?
True
Does 33 divide 1085577?
False
Is 3 a factor of 138051?
True
Does 99 divide 788238?
True
Does 369 divide 190773?
True
Is 108 a factor of 1743228?
True
Is 80 a factor of 4022000?
True
Is 171 a factor of 934571?
False
Is 44 a factor of 458861?
False
Does 10 divide 4084440?
True
Is 531228 a multiple of 12?
True
Is 219 a factor of 105339?
True
Does 10 divide 135270?
True
Is 4 a factor of 299114?
False
Is 35 a factor of 628300?
False
Does 5 divide 69286?
False
Does 32 divide 4342780?
False
Is 117 a factor of 343863?
True
Is 51 a factor of 11192?
False
Is 10894415 a multiple of 14?
False
Does 25 divide 523450?
True
Does 71 divide 24786?
False
Is 58 a factor of 1174508?
False
Does 86 divide 1533380?
True
Is 329562 a multiple of 1077?
True
Does 306 divide 6948159?
False
Is 193028 a multiple of 190?
False
Is 32770 a multiple of 290?
True
Is 10485828 a multiple of 5?
False
Is 24487920 a multiple of 27?
True
Is 39 a factor of 21021?
True
Does 47 divide 4606?
True
Does 93 divide 396734?
False
Is 299 a factor of 307671?
True
Is 937 a factor of 3695528?
True
Does 72 divide 91358?
False
Is 10751580 a multiple of 70?
True
Is 225 a factor of 368216?
False
Is 8 a factor of 89114?
False
Is 106 a factor of 366866?
True
Does 105 divide 1199625?
True
Does 38 divide 11989168?
False
Is 13 a factor of 3979794?
True
Does 18 divide 1118484?
True
Is 7 a factor of 274316?
True
Is 1449849 a multiple of 20?
False
Does 9 divide 608004?
True
Is 315 a factor of 263123?
False
Does 6 divide 3208237?
False
Is 28 a factor of 21076354?
False
Is 302832 a multiple of 16?
True
Does 777 divide 396902?
False
Does 54 divide 777276?
True
Is 129135 a multiple of 103?
False
Is 62537 a multiple of 8?
False
Is 167 a factor of 122776?
False
Is 2198495 a multiple of 92?
False
Is 3 a factor of 41679?
True
Is 562 a factor of 635060?
True
Is 1950307 a multiple of 29?
False
Does 84 divide 88116?
True
Does 262 divide 752766?
False
Is 422 a factor of 4447654?
False
Is 730476 a multiple of 197?
True
Is 204610 a multiple of 10?
True
Is 395 a 